{"id":317,"date":"2025-01-04T18:37:03","date_gmt":"2025-01-04T17:37:03","guid":{"rendered":"https:\/\/domaine-sea.com\/?page_id=317"},"modified":"2025-06-21T14:21:50","modified_gmt":"2025-06-21T12:21:50","slug":"philosophie-2","status":"publish","type":"page","link":"https:\/\/domaine-sea.com\/?page_id=317","title":{"rendered":"Philosophie"},"content":{"rendered":"\t\t<div data-elementor-type=\"wp-page\" data-elementor-id=\"317\" class=\"elementor elementor-317\">\n\t\t\t\t\t\t<section class=\"elementor-section elementor-top-section elementor-element elementor-element-8c19283 elementor-section-boxed elementor-section-height-default elementor-section-height-default\" data-id=\"8c19283\" data-element_type=\"section\" data-settings=\"{&quot;background_background&quot;:&quot;classic&quot;}\">\n\t\t\t\t\t\t<div class=\"elementor-container elementor-column-gap-default\">\n\t\t\t\t\t<div class=\"elementor-column elementor-col-100 elementor-top-column elementor-element elementor-element-96de640\" data-id=\"96de640\" data-element_type=\"column\">\n\t\t\t<div class=\"elementor-widget-wrap elementor-element-populated\">\n\t\t\t\t\t\t<div class=\"elementor-element elementor-element-d4b030e elementor-widget elementor-widget-spacer\" data-id=\"d4b030e\" data-element_type=\"widget\" data-widget_type=\"spacer.default\">\n\t\t\t\t<div class=\"elementor-widget-container\">\n\t\t\t\t\t\t\t<div class=\"elementor-spacer\">\n\t\t\t<div class=\"elementor-spacer-inner\"><\/div>\n\t\t<\/div>\n\t\t\t\t\t\t<\/div>\n\t\t\t\t<\/div>\n\t\t\t\t\t<\/div>\n\t\t<\/div>\n\t\t\t\t\t<\/div>\n\t\t<\/section>\n\t\t\t\t<section class=\"elementor-section elementor-top-section elementor-element elementor-element-072696d elementor-section-boxed elementor-section-height-default elementor-section-height-default\" data-id=\"072696d\" data-element_type=\"section\">\n\t\t\t\t\t\t<div class=\"elementor-container elementor-column-gap-default\">\n\t\t\t\t\t<div class=\"elementor-column elementor-col-100 elementor-top-column elementor-element elementor-element-8c3531e\" data-id=\"8c3531e\" data-element_type=\"column\">\n\t\t\t<div class=\"elementor-widget-wrap elementor-element-populated\">\n\t\t\t\t\t\t<div class=\"elementor-element elementor-element-ded0247 elementor-widget-divider--view-line_text elementor-widget-divider--element-align-center elementor-widget elementor-widget-divider\" data-id=\"ded0247\" data-element_type=\"widget\" data-widget_type=\"divider.default\">\n\t\t\t\t<div class=\"elementor-widget-container\">\n\t\t\t\t\t\t\t<div class=\"elementor-divider\">\n\t\t\t<span class=\"elementor-divider-separator\">\n\t\t\t\t\t\t\t<span class=\"elementor-divider__text elementor-divider__element\">\n\t\t\t\tEntre Agro-\u00c9cologie et Agriculture Bio-Dynamique\t\t\t\t<\/span>\n\t\t\t\t\t\t<\/span>\n\t\t<\/div>\n\t\t\t\t\t\t<\/div>\n\t\t\t\t<\/div>\n\t\t\t\t\t<\/div>\n\t\t<\/div>\n\t\t\t\t\t<\/div>\n\t\t<\/section>\n\t\t\t\t<section class=\"elementor-section elementor-top-section elementor-element elementor-element-f097f88 elementor-section-content-middle elementor-section-full_width elementor-section-height-default elementor-section-height-default\" data-id=\"f097f88\" data-element_type=\"section\">\n\t\t\t\t\t\t<div class=\"elementor-container elementor-column-gap-default\">\n\t\t\t\t\t<div class=\"elementor-column elementor-col-100 elementor-top-column elementor-element elementor-element-1b3d18f\" data-id=\"1b3d18f\" data-element_type=\"column\">\n\t\t\t<div class=\"elementor-widget-wrap elementor-element-populated\">\n\t\t\t\t\t\t<section class=\"elementor-section elementor-inner-section elementor-element elementor-element-63f3d08 elementor-section-boxed elementor-section-height-default elementor-section-height-default\" data-id=\"63f3d08\" data-element_type=\"section\">\n\t\t\t\t\t\t<div class=\"elementor-container elementor-column-gap-default\">\n\t\t\t\t\t<div class=\"elementor-column elementor-col-50 elementor-inner-column elementor-element elementor-element-4acd311\" data-id=\"4acd311\" data-element_type=\"column\">\n\t\t\t<div class=\"elementor-widget-wrap elementor-element-populated\">\n\t\t\t\t\t\t<div class=\"elementor-element elementor-element-dd36798 elementor-widget elementor-widget-image\" data-id=\"dd36798\" data-element_type=\"widget\" data-widget_type=\"image.default\">\n\t\t\t\t<div class=\"elementor-widget-container\">\n\t\t\t\t\t\t\t\t\t\t\t\t\t\t\t<img fetchpriority=\"high\" decoding=\"async\" width=\"800\" height=\"530\" src=\"https:\/\/domaine-sea.com\/wp-content\/uploads\/2025\/01\/DSC6776-1024x678.jpg\" class=\"attachment-large size-large wp-image-245\" alt=\"\" srcset=\"https:\/\/domaine-sea.com\/wp-content\/uploads\/2025\/01\/DSC6776-1024x678.jpg 1024w, https:\/\/domaine-sea.com\/wp-content\/uploads\/2025\/01\/DSC6776-300x199.jpg 300w, https:\/\/domaine-sea.com\/wp-content\/uploads\/2025\/01\/DSC6776-768x509.jpg 768w, https:\/\/domaine-sea.com\/wp-content\/uploads\/2025\/01\/DSC6776-1536x1017.jpg 1536w, https:\/\/domaine-sea.com\/wp-content\/uploads\/2025\/01\/DSC6776-2048x1356.jpg 2048w\" sizes=\"(max-width: 800px) 100vw, 800px\" \/>\t\t\t\t\t\t\t\t\t\t\t\t\t\t\t<\/div>\n\t\t\t\t<\/div>\n\t\t\t\t<div class=\"elementor-element elementor-element-ad13b15 elementor-widget elementor-widget-image\" data-id=\"ad13b15\" data-element_type=\"widget\" data-widget_type=\"image.default\">\n\t\t\t\t<div class=\"elementor-widget-container\">\n\t\t\t\t\t\t\t\t\t\t\t\t\t\t\t<img decoding=\"async\" width=\"800\" height=\"530\" src=\"https:\/\/domaine-sea.com\/wp-content\/uploads\/2025\/01\/DSC6935-1024x678.jpg\" class=\"attachment-large size-large wp-image-216\" alt=\"\" srcset=\"https:\/\/domaine-sea.com\/wp-content\/uploads\/2025\/01\/DSC6935-1024x678.jpg 1024w, https:\/\/domaine-sea.com\/wp-content\/uploads\/2025\/01\/DSC6935-300x199.jpg 300w, https:\/\/domaine-sea.com\/wp-content\/uploads\/2025\/01\/DSC6935-768x509.jpg 768w, https:\/\/domaine-sea.com\/wp-content\/uploads\/2025\/01\/DSC6935-1536x1017.jpg 1536w, https:\/\/domaine-sea.com\/wp-content\/uploads\/2025\/01\/DSC6935-2048x1356.jpg 2048w\" sizes=\"(max-width: 800px) 100vw, 800px\" \/>\t\t\t\t\t\t\t\t\t\t\t\t\t\t\t<\/div>\n\t\t\t\t<\/div>\n\t\t\t\t\t<\/div>\n\t\t<\/div>\n\t\t\t\t<div class=\"elementor-column elementor-col-50 elementor-inner-column elementor-element elementor-element-8cd7bf6\" data-id=\"8cd7bf6\" data-element_type=\"column\">\n\t\t\t<div class=\"elementor-widget-wrap elementor-element-populated\">\n\t\t\t\t\t\t<div class=\"elementor-element elementor-element-a02da49 elementor-widget elementor-widget-heading\" data-id=\"a02da49\" data-element_type=\"widget\" data-widget_type=\"heading.default\">\n\t\t\t\t<div class=\"elementor-widget-container\">\n\t\t\t\t\t<h2 class=\"elementor-heading-title elementor-size-default\">Notre Philosophie<\/h2>\t\t\t\t<\/div>\n\t\t\t\t<\/div>\n\t\t\t\t<div class=\"elementor-element elementor-element-9025cde elementor-widget elementor-widget-text-editor\" data-id=\"9025cde\" data-element_type=\"widget\" data-widget_type=\"text-editor.default\">\n\t\t\t\t<div class=\"elementor-widget-container\">\n\t\t\t\t\t\t\t\t\t<ul><li><b>L\u2019agro-\u00e9cologie : <\/b>Nous adoptons des pratiques agricoles durables, inspir\u00e9es par les \u00e9cosyst\u00e8mes naturels. Chaque culture et \u00e9levage est int\u00e9gr\u00e9 dans un syst\u00e8me global o\u00f9 rien ne se perd et tout contribue \u00e0 la pr\u00e9servation des sols, de la biodiversit\u00e9 et des ressources naturelles. Nous respectons ces \u00e9cosyst\u00e8mes naturels en int\u00e9grant les cultures, l\u2019\u00e9levage et la gestion des ressources dans un cycle vertueux. Nos m\u00e9thodes limitent donc l\u2019impact environnemental. <br \/><span class=\"Apple-converted-space\">\u00a0<\/span><\/li><\/ul><ul><li><b>L\u2019agriculture bio-dynamique : <\/b>Plus qu\u2019un mode de production, c\u2019est une philosophie. Nous travaillons en harmonie avec les rythmes naturels, en tenant compte des cycles lunaires et solaires pour soigner la terre. Nous utilisons des pr\u00e9parations naturelles pour enrichir le sol. Chaque geste est pens\u00e9 pour renforcer l\u2019\u00e9quilibre entre la terre, les hommes et l\u2019univers.<span class=\"Apple-converted-space\">\u00a0<\/span><\/li><\/ul>\t\t\t\t\t\t\t\t<\/div>\n\t\t\t\t<\/div>\n\t\t\t\t\t<\/div>\n\t\t<\/div>\n\t\t\t\t\t<\/div>\n\t\t<\/section>\n\t\t\t\t\t<\/div>\n\t\t<\/div>\n\t\t\t\t\t<\/div>\n\t\t<\/section>\n\t\t\t\t<section class=\"elementor-section elementor-top-section elementor-element elementor-element-d01ed1c elementor-section-boxed elementor-section-height-default elementor-section-height-default\" data-id=\"d01ed1c\" data-element_type=\"section\">\n\t\t\t\t\t\t<div class=\"elementor-container elementor-column-gap-default\">\n\t\t\t\t\t<div class=\"elementor-column elementor-col-100 elementor-top-column elementor-element elementor-element-fb1d738\" data-id=\"fb1d738\" data-element_type=\"column\">\n\t\t\t<div class=\"elementor-widget-wrap elementor-element-populated\">\n\t\t\t\t\t\t<div class=\"elementor-element elementor-element-2ecd7bc elementor-widget-divider--view-line elementor-widget elementor-widget-divider\" data-id=\"2ecd7bc\" data-element_type=\"widget\" data-widget_type=\"divider.default\">\n\t\t\t\t<div class=\"elementor-widget-container\">\n\t\t\t\t\t\t\t<div class=\"elementor-divider\">\n\t\t\t<span class=\"elementor-divider-separator\">\n\t\t\t\t\t\t<\/span>\n\t\t<\/div>\n\t\t\t\t\t\t<\/div>\n\t\t\t\t<\/div>\n\t\t\t\t\t<\/div>\n\t\t<\/div>\n\t\t\t\t\t<\/div>\n\t\t<\/section>\n\t\t\t\t<section class=\"elementor-section elementor-top-section elementor-element elementor-element-b40ba16 elementor-section-content-middle elementor-section-full_width elementor-section-height-default elementor-section-height-default\" data-id=\"b40ba16\" data-element_type=\"section\">\n\t\t\t\t\t\t<div class=\"elementor-container elementor-column-gap-default\">\n\t\t\t\t\t<div class=\"elementor-column elementor-col-100 elementor-top-column elementor-element elementor-element-b15d3f8\" data-id=\"b15d3f8\" data-element_type=\"column\">\n\t\t\t<div class=\"elementor-widget-wrap elementor-element-populated\">\n\t\t\t\t\t\t<section class=\"elementor-section elementor-inner-section elementor-element elementor-element-cd8fe68 elementor-section-boxed elementor-section-height-default elementor-section-height-default\" data-id=\"cd8fe68\" data-element_type=\"section\">\n\t\t\t\t\t\t<div class=\"elementor-container elementor-column-gap-default\">\n\t\t\t\t\t<div class=\"elementor-column elementor-col-50 elementor-inner-column elementor-element elementor-element-af42e07\" data-id=\"af42e07\" data-element_type=\"column\">\n\t\t\t<div class=\"elementor-widget-wrap elementor-element-populated\">\n\t\t\t\t\t\t<div class=\"elementor-element elementor-element-7944fb0 elementor-widget elementor-widget-heading\" data-id=\"7944fb0\" data-element_type=\"widget\" data-widget_type=\"heading.default\">\n\t\t\t\t<div class=\"elementor-widget-container\">\n\t\t\t\t\t<h2 class=\"elementor-heading-title elementor-size-default\">Notre Vision<\/h2>\t\t\t\t<\/div>\n\t\t\t\t<\/div>\n\t\t\t\t<div class=\"elementor-element elementor-element-eceab8a elementor-widget elementor-widget-text-editor\" data-id=\"eceab8a\" data-element_type=\"widget\" data-widget_type=\"text-editor.default\">\n\t\t\t\t<div class=\"elementor-widget-container\">\n\t\t\t\t\t\t\t\t\t<p>Transformer la ferme Domaine Sea en un mod\u00e8le de r\u00e9silience agricole et inspirer d\u2019autres projets au S\u00e9n\u00e9gal et dans les pays africains \u00e0 suivre cette voie.<span class=\"Apple-converted-space\">\u00a0<\/span><\/p>\t\t\t\t\t\t\t\t<\/div>\n\t\t\t\t<\/div>\n\t\t\t\t<div class=\"elementor-element elementor-element-69ab4dc elementor-widget elementor-widget-text-editor\" data-id=\"69ab4dc\" data-element_type=\"widget\" data-widget_type=\"text-editor.default\">\n\t\t\t\t<div class=\"elementor-widget-container\">\n\t\t\t\t\t\t\t\t\t<p>Nous travaillons chaque jour pour :\u00a0<\/p><p><b>Une adaptation r\u00e9siliente au changement climatique : <\/b>Par la r\u00e9g\u00e9n\u00e9ration des sols par le fourrage, la fosse compostage, l\u2019utilisation des bouses de vache et des pr\u00e9parates biodynamiques comme les seuls engrais, la cultivation et pr\u00e9servation de la biodiversit\u00e9 et la r\u00e9duction des \u00e9missions agricoles.<\/p><p><b>Freiner la d\u00e9sertification :<\/b> Avec des pratiques agricoles qui restaurent les terres d\u00e9grad\u00e9es et favorisent la reforestation. <span class=\"Apple-converted-space\">\u00a0<br \/><\/span><\/p><p><b>Combattre la pauvret\u00e9 et l\u2019injustice sociale : <\/b>En offrant des emplois locaux d\u00e9cents et en soutenant l\u2019autonomisation des jeunes paysans et agriculteurs.<\/p><p><b>Renforcer la s\u00e9curit\u00e9 alimentaire :<\/b> Gr\u00e2ce \u00e0 une production durable, diversifi\u00e9e et accessible.<\/p><p><b>Promouvoir une ind\u00e9pendance africaine : <\/b>En d\u00e9veloppant des mod\u00e8les agricoles locaux, autosuffisants et moins d\u00e9pendants des importations europ\u00e9ennes.\u00a0<\/p>\t\t\t\t\t\t\t\t<\/div>\n\t\t\t\t<\/div>\n\t\t\t\t\t<\/div>\n\t\t<\/div>\n\t\t\t\t<div class=\"elementor-column elementor-col-50 elementor-inner-column elementor-element elementor-element-67c8c36\" data-id=\"67c8c36\" data-element_type=\"column\">\n\t\t\t<div class=\"elementor-widget-wrap elementor-element-populated\">\n\t\t\t\t\t\t<div class=\"elementor-element elementor-element-49bd212 elementor-widget elementor-widget-image\" data-id=\"49bd212\" data-element_type=\"widget\" data-widget_type=\"image.default\">\n\t\t\t\t<div class=\"elementor-widget-container\">\n\t\t\t\t\t\t\t\t\t\t\t\t\t\t\t<img decoding=\"async\" width=\"800\" height=\"530\" src=\"https:\/\/domaine-sea.com\/wp-content\/uploads\/2025\/01\/DSC6952-1024x678.jpg\" class=\"attachment-large size-large wp-image-212\" alt=\"\" srcset=\"https:\/\/domaine-sea.com\/wp-content\/uploads\/2025\/01\/DSC6952-1024x678.jpg 1024w, https:\/\/domaine-sea.com\/wp-content\/uploads\/2025\/01\/DSC6952-300x199.jpg 300w, https:\/\/domaine-sea.com\/wp-content\/uploads\/2025\/01\/DSC6952-768x509.jpg 768w, https:\/\/domaine-sea.com\/wp-content\/uploads\/2025\/01\/DSC6952-1536x1017.jpg 1536w, https:\/\/domaine-sea.com\/wp-content\/uploads\/2025\/01\/DSC6952-2048x1356.jpg 2048w\" sizes=\"(max-width: 800px) 100vw, 800px\" \/>\t\t\t\t\t\t\t\t\t\t\t\t\t\t\t<\/div>\n\t\t\t\t<\/div>\n\t\t\t\t<div class=\"elementor-element elementor-element-5588ce5 elementor-widget elementor-widget-image\" data-id=\"5588ce5\" data-element_type=\"widget\" data-widget_type=\"image.default\">\n\t\t\t\t<div class=\"elementor-widget-container\">\n\t\t\t\t\t\t\t\t\t\t\t\t\t\t\t<img loading=\"lazy\" decoding=\"async\" width=\"800\" height=\"530\" src=\"https:\/\/domaine-sea.com\/wp-content\/uploads\/2025\/01\/DSC6777-1024x678.jpg\" class=\"attachment-large size-large wp-image-244\" alt=\"\" srcset=\"https:\/\/domaine-sea.com\/wp-content\/uploads\/2025\/01\/DSC6777-1024x678.jpg 1024w, https:\/\/domaine-sea.com\/wp-content\/uploads\/2025\/01\/DSC6777-300x199.jpg 300w, https:\/\/domaine-sea.com\/wp-content\/uploads\/2025\/01\/DSC6777-768x509.jpg 768w, https:\/\/domaine-sea.com\/wp-content\/uploads\/2025\/01\/DSC6777-1536x1017.jpg 1536w, https:\/\/domaine-sea.com\/wp-content\/uploads\/2025\/01\/DSC6777-2048x1356.jpg 2048w\" sizes=\"(max-width: 800px) 100vw, 800px\" \/>\t\t\t\t\t\t\t\t\t\t\t\t\t\t\t<\/div>\n\t\t\t\t<\/div>\n\t\t\t\t\t<\/div>\n\t\t<\/div>\n\t\t\t\t\t<\/div>\n\t\t<\/section>\n\t\t\t\t\t<\/div>\n\t\t<\/div>\n\t\t\t\t\t<\/div>\n\t\t<\/section>\n\t\t\t\t<\/div>\n\t\t","protected":false},"excerpt":{"rendered":"<p>Entre Agro-\u00c9cologie et Agriculture Bio-Dynamique Notre Philosophie L\u2019agro-\u00e9cologie : Nous adoptons des pratiques agricoles durables, inspir\u00e9es par les \u00e9cosyst\u00e8mes naturels. Chaque culture et \u00e9levage est int\u00e9gr\u00e9 dans un syst\u00e8me global o\u00f9 rien ne se perd et tout contribue \u00e0 la pr\u00e9servation des sols, de la biodiversit\u00e9 et des ressources naturelles. Nous respectons ces \u00e9cosyst\u00e8mes naturels [&hellip;]<\/p>\n","protected":false},"author":3,"featured_media":0,"parent":0,"menu_order":0,"comment_status":"closed","ping_status":"closed","template":"elementor_header_footer","meta":{"footnotes":""},"class_list":["post-317","page","type-page","status-publish","hentry"],"_links":{"self":[{"href":"https:\/\/domaine-sea.com\/index.php?rest_route=\/wp\/v2\/pages\/317","targetHints":{"allow":["GET"]}}],"collection":[{"href":"https:\/\/domaine-sea.com\/index.php?rest_route=\/wp\/v2\/pages"}],"about":[{"href":"https:\/\/domaine-sea.com\/index.php?rest_route=\/wp\/v2\/types\/page"}],"author":[{"embeddable":true,"href":"https:\/\/domaine-sea.com\/index.php?rest_route=\/wp\/v2\/users\/3"}],"replies":[{"embeddable":true,"href":"https:\/\/domaine-sea.com\/index.php?rest_route=%2Fwp%2Fv2%2Fcomments&post=317"}],"version-history":[{"count":7,"href":"https:\/\/domaine-sea.com\/index.php?rest_route=\/wp\/v2\/pages\/317\/revisions"}],"predecessor-version":[{"id":410,"href":"https:\/\/domaine-sea.com\/index.php?rest_route=\/wp\/v2\/pages\/317\/revisions\/410"}],"wp:attachment":[{"href":"https:\/\/domaine-sea.com\/index.php?rest_route=%2Fwp%2Fv2%2Fmedia&parent=317"}],"curies":[{"name":"wp","href":"https:\/\/api.w.org\/{rel}","templated":true}]}}